 d(n)?
-10
Suppose 22*s - s + 3*s = 0. Let u(y) = -y**2 + 2*y - 21. Give u(s).
-21
Let z(t) = -2*t**3 - 78*t**2 + 1103*t - 10. Let l be z(11). Let x(v) = -v**2 + 22*v - 14. What is x(l)?
-37
Suppose 342 = -9*b + 378. Let k(d) = -d**2 - 28*d + 129. Let z be k(b). Let x(m) = 8*m**2 + m. What is x(z)?
9
Let y be (0 + (0 - 1))*-3 + 28. Suppose 4*w + 2*t = -110, -y = 4*w - t + 94. Let v be w/4*12/18. Let x(l) = -3*l - 7. Give x(v).
8
Suppose 23*a - 17 - 282 = 0. Suppose -5*g - 3*d + 32 = -a, g = 2*d + 9. Let m(l) = l**2 - 6*l - 21. Give m(g).
6
Suppose 90*o = 86*o - 12. Let b(w) = w**3 + 5*w**2 + w - 9. Let k be b(o). Let r(u) be the first derivative of -u**4/4 + 2*u**3 - u**2/2 + 2*u - 1. Give r(k).
-4
Let q(p) = p. Suppose -12*s + 13*s + 2*f + 6 = 0, -5*f = s + 12. Let o be (12/s)/(15 - 13). Calculate q(o).
-3
Let l be 1*111/12*-4. Let j be 44 - 4 - (18/(-3) + 7). Let x = j + l. Let d(b) = 2*b - 2. Calculate d(x).
2
Suppose 0 = 12814*p - 12824*p + 70. Let k(a) = -a**3 + 5*a**2 + 6*a + 5. What is k(p)?
-51
Let n(b) = 2*b**3 - 4*b - 2. Let c(k) = 142 - 4*k**2 + 5*k**2 - k**3 - 143 - k. Let m(j) = c(j) + n(j). Give m(-3).
-6
Let a(f) = 3*f**2 - 10*f - 22. Let d(n) = -478*n - 15298. Let l be d(-32). Calculate a(l).
10
Suppose -14 = 2*c - 4*p, -3*c - 3 + 17 = p. Let l(d) be the third derivative of 0 + 1/60*d**5 - 5/24*d**4 + 0*d - 184*d**2 + 1/2*d**3. What is l(c)?
-3
Let g(h) = h**3 - 5*h**2 + 3*h + 2. Let u be 7*(-7)/(7/12). Let c be (-50)/(-14) + 48/u. Calculate g(c).
-7
Let s(h) be the third derivative of h**4/12 + 11*h**3/6 + 2*h**2. Let v(l) = -l**2 - 30*l - 36. Let t be v(-28). Suppose 0 = -t*j - 10*j - 240. What is s(j)?
-5
Suppose -2*k - 5*p - 17 = 0, 33 - 42 = k + 3*p. Let w(z) = -3*z - 5. What is w(k)?
13
Let z(j) = -30*j - 87. Let i be 7/56 - (-9 - (-485)/40). What is z(i)?
3
Let v(s) = 7*s**2 - 16*s + 28. Let h(t) = -2*t**2 - 4*t + 5*t**2 + 14 - 4*t. Let f be (-20)/(-8) + (-69)/6. Let j(k) = f*h(k) + 4*v(k). Give j(-10).
6
Let u(f) = 5*f**2 + 3*f + 1. Suppose 3*i = 7*r - 29, -18*i + 21*i + 19 = 5*r. What is u(r)?
141
Let r(g) = -15*g**2 + 8*g + 7. Let x(h) = -3*h**2 + h + 1. Let a(k) = r(k) - 6*x(k). Determine a(-3).
22
Let w = -17373 + 17385. Let l(r) = 2*r - 51. Give l(w).
-27
Let b(k) = k**3 - 30*k**2 + 29*k + 2. Let h be b(29). Let v(w) = -298*w - w**h + 2 - w**2 + 297*w. Calculate v(-4).
-26
Let h be 2/(16/(-10)*(-1)/(-16)*-4). Let s(z) = -2 + 0 + z - 1. Let k be s(h). Let m(q) = -q**2 - q - 1. What is m(k)?
-7
Let a = 126 - 121. Suppose -21 = a*l - 11. Let y(m) = -10*m. Give y(l).
20
Let k(x) = -x**3 - 54*x**2 - 154*x - 49. Let p be k(-51). Let r(g) = -7*g**2 + 6*g + 5. Let a(d) = 5*d**2 - 6*d - 4. Let l(f) = p*r(f) + 3*a(f). Determine l(5).
-7
Let q be 15/20*-2 + (-4503)/(-158). Let f(c) = c**3 - 26*c**2 - 26*c - 34. Calculate f(q).
-7
Suppose -14 + 23 = 3*i. Let c(a) = 7*a**2 - 5*a + 4*a - 278*a**3 + 277*a**i. Calculate c(7).
-7
Let t(i) be the third derivative of 1/30*i**5 + 0 + 7/24*i**4 + 95*i**2 + 2/3*i**3 + 0*i. Determine t(-4).
8
Suppose j - 11 = 2*n, 5*n - 4*j - 10 = 6*n. Let g(x) = -x**3 - 9*x**2 - 26*x - 42. Let p be g(n). Let y(r) = r**3 - 6*r**2 + 3*r - 6. Determine y(p).
12
Let j(r) = -r + 17. Let i be j(5). Suppose -3*b - i = 0, -2*n + 5*b - 44 = -6*n. Let s(d) = -d - 557*d**2 + 557*d**2 + n*d**3 - 1. Give s(-1).
-16
Let i be (4/8*0)/(-1). Let u be (i/8)/(0 + -2). Let q(g) = 0*g**2 + u*g**2 - 4*g**2 + 3*g**2 - 2. Determine q(0).
-2
Suppose -2*m + 1 = 4*d - 11, 4*d + 5*m = 12. Suppose g - 4 = 2*p, 0*p = -5*g - d*p - 6. Let s(q) = q**3 + q - 5. Determine s(g).
-5
Suppose -769 - 215 = -12*i. Suppose -12*r - i = -106. Let t(p) be the first derivative of -p**4/4 - 1. Calculate t(r).
-8
Suppose 3*i - 55 = 4*b, 4*b - 145 = -7*i + 2*i. Suppose -24*k + i*k = 4. Suppose -k*h + 48 = 8. Let u(a) = -a**2 + 9*a + 11. Give u(h).
1
Let a(p) = 2*p**3 - 2*p - 1. Let b(i) = 9*i**3 + 19*i**2 - 27*i - 21. Let z(r) = -5*a(r) + b(r). Give z(18).
2
Let y(o) be the first derivative of -o**3/3 - o + 2. Suppose -956*m - 11 = -s - 955*m, -5*s = 5*m + 35. Determine y(s).
-5
Let g(c) = -c**3 - 13*c**2 + 2*c + 30. Let m be g(-13). Let t(y) be the second derivative of -y**4/12 + 4*y**3/3 - 5*y**2 + 32*y. Calculate t(m).
6
Let s(f) = -25*f - 14. Let v(l) = 8*l + 5. Let z(h) = -3*s(h) - 8*v(h). Let m(a) = -a**2 + 38*a - 167. Let i be m(33). What is z(i)?
-20
Let q be (60/24 - 3) + (-26)/4. Let h(w) = -23*w + 10*w + 11*w - 5. Calculate h(q).
9
Let w = -43 + 45. Let f(k) = 6*k + 5*k - 5*k - 5*k + k - 2. Determine f(w).
2
Let f(l) be the third derivative of l**7/5040 - l**6/30 - 11*l**5/30 - 3*l**2 + 7. Let a(j) be the third derivative of f(j). What is a(14)?
-10
Let k = -12 + 17. Let f(q) = q**2 + q - 1. Let b(y) = 4*y**2 + y. Let d(v) = k*f(v) - b(v). Let z be ((-18)/3 - -2) + (-12)/12. Calculate d(z).
0
Let i(t) = -t**3 + 31*t**2 + 8*t - 233. Let w be i(31). Let x(k) = -k**3 + 15*k**2 - 8*k + 1. What is x(w)?
-119
Let p(j) = -4*j - 62. Suppose 464 = -367*v + 338*v. Give p(v).
2
Let v(w) = -7*w**2 + 13*w - 31. Let q(j) = 5*j**2 - 13*j + 32. Let o(a) = 3*q(a) + 2*v(a). Give o(10).
4
Let k(p) = -27*p + 21. Let h(j) = -67*j + 44. Let b(i) = -2*h(i) + 5*k(i). Determine b(6).
11
Let t be (-624)/26*(8/12 + (-33)/36). Let q(y) = y**3 - 6*y**2 + 3*y - 11. Determine q(t).
7
Suppose 136*j = 150*j - 78 - 6. Let o(a) = -a. Determine o(j).
-6
Let k(r) = 3*r + 10. Let p be (-1)/2 - 66*(-27)/324. What is k(p)?
25
Let d(x) = x**2 - 2*x - 9. Let s be d(4). Let z be (16/(-3) + 3)*3/s. Let i(l) = -6*l - z*l + 12*l. Calculate i(-6).
6
Suppose 0 = -4*x + 16, -21*b = -16*b + 3*x + 8. Suppose z + 17 = 3*l, l = -0*z + 3*z + 3. Let v(m) = -l*m + 4*m - 5 + 3*m. Give v(b).
-9
Let u(q) = -5622*q**2 + 1 - 5*q + 5621*q**2 - 5 - 11*q. Give u(-14).
24
Let r(u) = -4*u - 7. Let f(g) = -6*g - 66. Let q(x) = f(x) - 5*r(x). Determine q(4).
25
Let d(t) = 9*t + 4. Let q be (-11)/(-66) + 100/210*7/4. Give d(q).
13
Let g(m) = -3*m + 11. Let x be g(5). Let i(o) = -2*o**2 + 35*o - 13. Let q(a) = a**2 - 16*a + 6. Let p(b) = -6*i(b) - 13*q(b). Calculate p(x).
-8
Let p(v) be the first derivative of 25 - 2*v**2 + 22 - 5 - v. What is p(0)?
-1
Let z = -1185 + 1195. Let f(s) = -s**2 + 11*s + 23. What is f(z)?
33
Let d(f) = f**2 + 15*f + 19. Suppose -t - 2 = -o, 4*t + 80 = 525*o - 529*o. Calculate d(t).
-25
Let z(q) = 26*q - 55 - 51*q - 12*q**2 + 40*q - 7*q**3 + 8*q**3. Give z(11).
-11
Let p be ((-15)/10)/(-3) + (-120)/(-16). Let o(t) = -t**3 + 9*t**2 - 6*t + 13. What is o(p)?
29
Let d(m) be the first derivative of -m**4/4 - 3*m**3 - 2*m + 3. Let p(n) = -4*n**3 - 32*n**2 - 31*n - 30. Let t be p(-7). Calculate d(t).
-2
Let u(r) = 6*r - 40 - r - 3*r + 5*r. Let m be u(7). Let q(c) = 14*c**2 + m*c - 16*c**2 - 3*c. Give q(4).
-8
Let a = 41 + -33. Let p be (-72)/(-33) + a/(-44). Let w(i) = -2*i**3 + 2 + 3*i + 5*i**2 - 6*i - 2*i**p + 0*i. What is w(2)?
-8
Let c(u) be the second derivative of 17/6*u**3 + 1/3*u**4 - 1/120*u**5 + 0 + 0*u**2 - 28*u. Let d(l) be the second derivative of c(l). Determine d(7).
1
Suppose 3*z = -w + 2, -163*z + 21 = -159*z + 5*w. Let j(r) = -27*r - 14. Give j(z).
13
Let y = -9596 - -9600. Let l(x) = 12*x - 49. What is l(y)?
-1
Let t(i) = -128 + 27*i + 47 + 63 + 20*i + 48*i. Give t(1).
77
Let a(v) = v**3 - 11*v**2 - 10*v + 24. Suppose 59*d = 264 + 528 - 84. Give a(d).
48
Let n(l) = l**3 - l**2 - 3*l - 2. Let u(r) = 26*r - 5. Let p be u(1). Let w be p*(-4)/(-12) + -9. Determine n(w).
-8
Let a(l) be the third derivative of -29*l**5/30 - l**4/24 + l**3/6 + 2*l**2 + 581. Give a(1).
-58
Let i(k) = 9*k**2 - 36 + 74 - 34 + k**3 + k + 2*k - 4*k. Determine i(-9).
13
Let h = 19 + -18. Let m(z) be the first derivative of z + 0*z - 40 - 36 - 2*z**3. Give m(h).
-5
Let k(s) = s**3 - 34*s**2 + 36*s - 19. Let f(w) = 4*w**2 - 4*w. Let m(t) = -6*f(t) - k(t). What is m(8)?
51
Suppose -7 + 46 = 13*p. Let j(c) = p*c + 264 - 2*c - 259. What is j(-1)?
4
Let q(g) = -g**3 + 12*g**2 + g - 11. Let k = -15607 + 15619. Determine q(k).
1
Let u(m) be the third derivative of m**5/60 - 3*m**4/8 - 17*m**3/6 - 19781*m**2. Let y be (-4)/(-12) + 64/6. Calculate u(y).
5
Suppose -1 = -j - 0. Let c(y) = -11*y**2 - 22*y**2 + 26*y**2 + j. What is c(-1)?
-6
Let s be (-70)/(-1120) + (3/(-48) - 3). Let i(y) = 3*y**3 + 3*y**2